1?
93
What is the greatest common factor of 928 and 135584?
32
What is the highest common factor of 2701149 and 33?
33
Calculate the greatest common divisor of 19665 and 19205.
115
What is the highest common divisor of 921812 and 8?
4
What is the highest common divisor of 944 and 2864?
16
What is the greatest common divisor of 2041 and 9?
1
What is the greatest common divisor of 81286 and 20758?
194
Calculate the greatest common divisor of 120800 and 6946.
302
Calculate the greatest common divisor of 6666 and 75346.
202
What is the highest common divisor of 75970 and 16?
2
What is the greatest common factor of 5 and 601?
1
Calculate the greatest common factor of 1 and 3301.
1
What is the highest common divisor of 1428 and 46788?
84
What is the greatest common factor of 2988 and 504?
36
Calculate the greatest common divisor of 60 and 3840.
60
Calculate the highest common divisor of 11219 and 52.
13
Calculate the greatest common divisor of 34825 and 15575.
175
Calculate the highest common factor of 273 and 43589.
91
Calculate the greatest common factor of 504 and 395892.
252
Calculate the greatest common factor of 716 and 3049444.
716
What is the greatest common factor of 1412121 and 1149?
1149
What is the highest common factor of 1239 and 273?
21
What is the greatest common divisor of 713051 and 19?
19
What is the greatest common factor of 82470 and 375?
15
What is the greatest common factor of 124600 and 21?
7
Calculate the greatest common factor of 20 and 151780.
20
What is the highest common divisor of 60 and 13632?
12
Calculate the highest common divisor of 174252 and 39.
39
Calculate the greatest common factor of 15470 and 74620.
910
Calculate the highest common factor of 307874 and 14.
14
Calculate the greatest common factor of 640 and 307360.
160
Calculate the greatest common factor of 242 and 421806.
242
What is the highest common divisor of 69220 and 20?
20
Calculate the greatest common factor of 6095 and 345.
115
What is the highest common factor of 3655 and 6375?
85
What is the greatest common divisor of 85368 and 48?
24
What is the greatest common factor of 150042 and 102?
102
Calculate the highest common divisor of 9850 and 72102.
394
What is the greatest common divisor of 3 and 111071?
1
What is the greatest common factor of 7348 and 198?
22
What is the greatest common divisor of 23275 and 525?
175
Calculate the greatest common factor of 28 and 59668.
28
What is the greatest common factor of 556 and 4412?
4
Calculate the greatest common factor of 341 and 8558.
11
What is the highest common divisor of 71166 and 198?
6
Calculate the highest common divisor of 800 and 2810.
10
What is the highest common divisor of 2 and 21687?
1
Calculate the greatest common divisor of 57 and 92663.
19
What is the highest common divisor of 324 and 443268?
36
Calculate the highest common factor of 31744 and 93.
31
What is the highest common factor of 28590 and 60?
30
What is the highest common factor of 112351 and 12307?
397
What is the highest common factor of 100 and 269510?
10
Calculate the highest common divisor of 480695 and 31037.
757
Calculate the highest common divisor of 113730 and 1020.
510
Calculate the highest common factor of 629 and 4879.
17
What is the greatest common divisor of 1542470 and 10?
10
What is the highest common divisor of 285 and 83865?
15
What is the greatest common divisor of 14504 and 777?
259
What is the greatest common divisor of 559 and 5977?
43
Calculate the highest common factor of 280344 and 24.
24
Calculate the highest common factor of 30067 and 5339.
281
Calculate the highest common divisor of 781 and 271007.
781
Calculate the greatest common factor of 1054095 and 21.
21
Calculate the greatest common divisor of 583 and 33708.
53
What is the highest common divisor of 58 and 1198?
2
Calculate the greatest common factor of 114602 and 2.
2
What is the highest common factor of 65034 and 162?
18
Calculate the highest common factor of 15158 and 18073.
583
Calculate the greatest common factor of 301 and 98315.
7
What is the greatest common divisor of 714 and 140049?
21
Calculate the greatest common factor of 568838 and 222.
74
What is the highest common divisor of 428 and 218066?
214
Calculate the highest common divisor of 56004 and 40.
4
Calculate the highest common divisor of 3672 and 129384.
216
Calculate the greatest common divisor of 25278 and 276909.
1149
Calculate the highest common factor of 13920 and 124410.
870
Calculate the greatest common divisor of 36 and 30276.
36
Calculate the highest common factor of 340 and 19805.
85
What is the highest common divisor of 82 and 362932?
82
What is the highest common divisor of 972 and 243864?
108
What is the greatest common factor of 22586 and 322?
46
Calculate the greatest common factor of 65522 and 30770.
362
Calculate the greatest common divisor of 290432 and 256.
128
Calculate the greatest common factor of 2613 and 403.
13
Calculate the greatest common factor of 5168 and 21352.
136
Calculate the highest common divisor of 288754 and 21886.
706
What is the highest common divisor of 2424 and 17069?
101
Calculate the highest common factor of 8299 and 301.
43
What is the greatest common factor of 8332310 and 70?
70
Calculate the highest common factor of 79 and 376.
1
Calculate the highest common divisor of 33 and 76747.
11
Calculate the highest common factor of 12 and 32892.
12
What is the greatest common divisor of 34 and 115787?
17
What is the greatest common divisor of 32 and 263152?
16
What is the highest common factor of 121 and 64526?
11
What is the highest common divisor of 665 and 14385?
35
What is the highest common factor of 31493 and 7469?
77
Calculate the greatest common factor of 1490340 and 180.
60
What is the greatest common factor of 3045 and 551?
29
What is the greatest common divisor of 665297 and 37?
37
Calculate the greatest common factor of 7107 and 851.
23
Calculate the greatest common factor of 93518 and 6256.
46
What is the greatest common divisor of 339 and 127577?
113
Calculate the greatest common factor of 10 and 19510.
10
Calculate the highest common factor of 86 and 220891.
43
What is the highest common divisor of 48633 and 258?
129
What is the greatest common factor of 45560 and 11560?
680
What is the highest common factor of 6 and 7402578?
6
Calculate the highest common factor of 910785 and 105.
15
What is the greatest common divisor of 5945 and 2320?
145
What is the greatest common factor of 217120 and 46020?
1180
What is the greatest common divisor of 342748 and 84?
28
What is the highest common factor of 1711 and 13?
1
What is the greatest common divisor of 1231278 and 6?
6
Calculate the highest common divisor of 5502 and 47656.
14
What is the highest common divisor of 86141 and 737?
11
What is the greatest common factor of 37851 and 1133?
11
What is the greatest common factor of 630 and 1701?
63
Calculate the greatest common divisor of 648 and 14013.
81
Calculate the highest common divisor of 55252 and 3116.
76
Calculate the greatest common factor of 9060 and 20580.
60
What is the highest common factor of 25 and 8185?
5
Calculate the greatest common divisor of 10 and 393505.
5
What is the greatest common factor of 49 and 500416?
7
Calculate the greatest common factor of 82775 and 28.
7
What is the greatest common factor of 59032 and 3901?
47
What is the greatest common divisor of 366 and 444?
6
Calculate the greatest common divisor of 189931 and 903.
301
What is the highest common factor of 134886 and 138?
6
What is the highest common divisor of 4190 and 20?
10
Calculate the highest common factor of 40 and 29050.
10
What is the highest common factor of 845 and 3497?
13
What is the greatest common factor of 4345 and 100?
5
What is the highest common factor of 84 and 32298?
42
What is the greatest common factor of 10380 and 300?
60
Calculate the greatest common divisor of 41795 and 39.
13
What is the highest common divisor of 12 and 2391756?
12
Calculate the greatest common divisor of 84 and 891681.
21
What is the greatest common divisor of 7059 and 429?
39
Calculate the greatest common factor of 6695 and 22945.
65
Calculate the highest common factor of 378 and 1694.
14
Calculate the greatest common divisor of 105283 and 508.
127
Calcul